{"id":663,"date":"2026-04-05T09:02:13","date_gmt":"2026-04-05T08:02:13","guid":{"rendered":"https:\/\/pagesperso.litislab.fr\/cchatelain\/?page_id=663"},"modified":"2026-04-10T08:14:30","modified_gmt":"2026-04-10T07:14:30","slug":"pic","status":"publish","type":"page","link":"https:\/\/pagesperso.litislab.fr\/cchatelain\/pic\/","title":{"rendered":"PIC (french)"},"content":{"rendered":"<h3>Projets INSA Certifi\u00e9s (PIC) pour les entreprises<\/h3>\n<h4>La p\u00e9dagogie participative \u00e0 valeur ajout\u00e9e<\/h4>\n<p>Les \u00e9l\u00e8ves ing\u00e9nieurs\u00b7es du d\u00e9partement ITI doivent passer une ann\u00e9e scolaire \u00e0 mi-temps entre la quatri\u00e8me et la cinqui\u00e8me ann\u00e9e, par groupe de 6 \u00e0 9 personnes, sur un projet \u00e0 caract\u00e8re industriel ou R&amp;D. Ce projet est men\u00e9 pour le compte de clients externes : grandes entreprises, PME\/PMI, start-ups, administrations, associations.<\/p>\n<p>Ces projets sont des valeurs ajout\u00e9es pour vos entreprises, ils vous permettent :<\/p>\n<ul>\n<li>d&rsquo;obtenir des solutions \u00e0 vos enjeux industriels;<\/li>\n<li>de r\u00e9aliser une analyse de faisabilit\u00e9 de votre projet pour lequel vous ne disposez pas forc\u00e9ment des ressources n\u00e9cessaires<\/li>\n<li>de profiter des travaux de veille technologique appliqu\u00e9e \u00e0 votre secteur et effectu\u00e9s par nos \u00e9l\u00e8ves-ing\u00e9nieurs<\/li>\n<li>de jouer un r\u00f4le p\u00e9dagogique d&rsquo;envergure aupr\u00e8s des \u00e9l\u00e8ves-ing\u00e9nieurs, futurs acteurs du monde \u00e9conomique.<\/li>\n<li>de nouer des contacts avec une \u00e9cole d&rsquo;ing\u00e9nieur en vue de partenariats recherche \/ p\u00e9dagogique \/ recrutement\/etc.<\/li>\n<\/ul>\n<h5>Mais ils repr\u00e9sentent aussi des valeurs ajout\u00e9es pour vos futurs ing\u00e9nieurs en :<\/h5>\n<ul>\n<li>les mettant en situation r\u00e9elle sur un projet d&rsquo;envergure \u00e0 caract\u00e8re industriel ou R&amp;D ;<\/li>\n<li>mettant en \u0153uvre une m\u00e9thodologie de suivi de projet ;<\/li>\n<li>les confrontant \u00e0 l&rsquo;exp\u00e9rience humaine d&rsquo;un travail collectif ;<\/li>\n<li>les inscrivant dans une d\u00e9marche qualit\u00e9.<\/li>\n<\/ul>\n<h4><strong>PIC : les chiffres cl\u00e9s<\/strong><\/h4>\n<ul>\n<li>Dur\u00e9e : 2 semestres soit 24 semaines \u00e0 mi-temps sur un an ;<\/li>\n<li>P\u00e9riode : de janvier \u00e0 d\u00e9cembre ;<\/li>\n<li>Effectif : de six \u00e0 neuf \u00e9l\u00e8ves ing\u00e9nieurs\u00b7es dont un chef PIC qui assure la liaison entre l&rsquo;\u00e9quipe et le \u00ab\u00a0client\u00a0\u00bb, une \u00e9quipe de trois enseignants d\u00e9di\u00e9e au suivi p\u00e9dagogique de chaque PIC;<\/li>\n<li>Volume total du PIC: 3600 h soit un \u00e9quivalent de 2 ing\u00e9nieurs \u00e0 temps plein sur une ann\u00e9e ;<\/li>\n<li>Exp\u00e9riences r\u00e9ussies : d\u00e9j\u00e0 plus de quinze ann\u00e9es d&rsquo;exp\u00e9rience avec des projets d&rsquo;envergure pour des grands comptes et\/ou PME men\u00e9s \u00e0 terme.<\/li>\n<\/ul>\n<h4>PIC : un capital ressources<\/h4>\n<p>Le d\u00e9partement ITI s&rsquo;engage \u00e0 :<\/p>\n<ul>\n<li>fournir une salle de travail d\u00e9di\u00e9e \u00e0 chaque PIC dans nos locaux ;<\/li>\n<li>\u00e0 mettre \u00e0 disposition de ressources informatiques : ordinateurs sous Ubuntu Linux, logiciels informatiques sp\u00e9cifiques \u00e0 la gestion de projets &#8230;<\/li>\n<li>\u00e0 tutorer de l&rsquo;\u00e9quipe PIC par un tuteur p\u00e9dagogique pour s&rsquo;assurer d&rsquo;une d\u00e9marche ing\u00e9nieur dans l&rsquo;approche du projet ;<\/li>\n<li>\u00e0 v\u00e9rifier du bon respect d&rsquo;une m\u00e9thodologie de gestion de projet et de d\u00e9veloppement efficace par un tuteur gestion de projet ;<\/li>\n<li>\u00e0 aider au travail en groupe et \u00e0 la communication par un tuteur en communication.<\/li>\n<\/ul>\n<p>En contre-partie, les engagements demand\u00e9s \u00e0 l&rsquo;entreprise sont :<\/p>\n<ul>\n<li>de fournir de \u00e9quipements sp\u00e9cifiques n\u00e9cessaires au projet (logiciels ou progiciels non disponibles dans le d\u00e9partement, mat\u00e9riels sp\u00e9cifiques m\u00e9tiers &#8230;);<\/li>\n<li>de participer aux revues d&rsquo;\u00e9valuation p\u00e9riodiques (deux r\u00e9unions par semestre en pr\u00e9sentiel) ;<\/li>\n<li>d&rsquo;avoir une implication forte (par le biais de contacts informels dont la p\u00e9riodicit\u00e9 est \u00e0 la discr\u00e9tion de l&rsquo;entreprise et du PIC, g\u00e9n\u00e9ralement hebdomadaire) ;<\/li>\n<li>d&rsquo;avoir une participation financi\u00e8re en fonction du type d&rsquo;entreprise. Un contrat est alors \u00e9tabli entre l&rsquo;INSA et l&rsquo;entreprise. Un engagement de confidentialit\u00e9 de la part des \u00e9l\u00e8ves sur 24 mois est alors \u00e9tabli.<\/li>\n<\/ul>\n<h4>Quel type d&rsquo;entreprise pour quel PIC ?<\/h4>\n<p>Soucieux de donner \u00e0 nos \u00e9l\u00e8ves ing\u00e9nieurs\u00b7es un aper\u00e7u du monde du travail, nous essayons de leur proposer des projets d\u00e9finis par les diff\u00e9rents types d&rsquo;entreprises pr\u00e9sentes sur le march\u00e9 du travail\u00a0 en fonction de :<\/p>\n<ul>\n<li>son statut : Publique, Para-publique, Priv\u00e9e;<\/li>\n<li>sa taille : Grands comptes, PME, start-up ;<\/li>\n<li>de la th\u00e9matique scientifique du projet :\u00a0 informatique, IA, syst\u00e8mes de vision. Les domaines d&rsquo;application peuvent \u00eatre tr\u00e8s vari\u00e9s.<\/li>\n<\/ul>\n<h4>Quelle ampleur de projet pour un PIC ?<\/h4>\n<p>Un projet PIC repr\u00e9sente une masse de travail correspond \u00e0 un groupe de 6 \u00e0 9 personnes pendant 24 semaines \u00e0 mi-temps. Nous insistons sur la n\u00e9cessit\u00e9 pour les \u00e9l\u00e8ves ing\u00e9nieurs\u00b7es de bien planifier leur travail tout au long du projet sur les divers aspects \u00e0 prendre en compte : dates de livraison, risques particuliers li\u00e9s au projet &#8230; Pour respecter ses bonnes pratiques, une part cons\u00e9quente (entre 20 et 25%) du projet est d\u00e9volue \u00e0 la gestion du projet et au management de sa qualit\u00e9.<\/p>\n<h4>Comment faire une PROPOSITION de SUJET ?<\/h4>\n<p>L&rsquo;entreprise d\u00e9sireuse de proposer un PIC au d\u00e9partement ITI doit inscrire sa d\u00e9marche d\u00e8s la rentr\u00e9e scolaire (ann\u00e9e n-1) pour une mise en \u0153uvre d\u00e8s le mois de f\u00e9vrier (ann\u00e9e n) qui suit.<\/p>\n<ul>\n<li>Jusqu&rsquo;au fin juin n-1 : envoi du dossier de proposition de PIC au Directeur de l&rsquo;Unit\u00e9 P\u00e9dagogie par Projet du d\u00e9partement ITI (<a href=\"mailto:clement.chatelain@insa-rouen.fr\">clement.chatelain@insa-rouen.fr<\/a>)\n<ul>\n<li>Dossier de proposition au format OpenDocument<\/li>\n<\/ul>\n<\/li>\n<\/ul>\n<div class=\"embedded-entity\" data-entity-type=\"media\" data-entity-uuid=\"abcc5079-74a2-40a6-875e-8d9bfd7931f7\" data-embed-button=\"documents\" data-entity-embed-display=\"view_mode:media.sidebar\" data-langcode=\"fr\" data-entity-embed-display-settings=\"[]\">\n<div data-component-id=\"insa6:media\">\n<div class=\"field-media-file file__field-media-file\" data-component-id=\"insa6:field\"><strong class=\"field__label visually-hidden\">Fichier<\/strong><span class=\"file file--mime-application-vnd-oasis-opendocument-text file--x-office-document\"><a href=\"https:\/\/www.insa-rouen.fr\/sites\/default\/files\/2019-01\/ficheproposition_picinsa_2.odt\">ficheproposition_picinsa.odt<\/a><\/span>\u00a0(35.18 Ko)<\/div>\n<\/div>\n<\/div>\n<ul>\n<li>Dossier de proposition au format PDF<\/li>\n<\/ul>\n<div class=\"embedded-entity\" data-entity-type=\"media\" data-entity-uuid=\"dca81447-c618-4ea1-9dd0-9a80dff7926f\" data-embed-button=\"documents\" data-entity-embed-display=\"view_mode:media.sidebar\" data-langcode=\"fr\" data-entity-embed-display-settings=\"[]\">\n<div data-component-id=\"insa6:media\">\n<div class=\"field-media-file file__field-media-file\" data-component-id=\"insa6:field\"><strong class=\"field__label visually-hidden\">Fichier<\/strong><span class=\"file file--mime-application-pdf file--application-pdf\"><a href=\"https:\/\/www.insa-rouen.fr\/sites\/default\/files\/2019-01\/ficheproposition_picinsa.pdf\">ficheproposition_picinsa.pdf<\/a><\/span>\u00a0(124.22 Ko)<\/div>\n<\/div>\n<\/div>\n<ul>\n<li>Dossier de proposition au format Microsoft Office<\/li>\n<\/ul>\n<div class=\"embedded-entity\" data-entity-type=\"media\" data-entity-uuid=\"122cd146-8e79-4cf5-82cc-6f1b44b67bc3\" data-embed-button=\"documents\" data-entity-embed-display=\"view_mode:media.sidebar\" data-langcode=\"fr\" data-entity-embed-display-settings=\"[]\">\n<div data-component-id=\"insa6:media\">\n<div class=\"field-media-file file__field-media-file\" data-component-id=\"insa6:field\"><strong class=\"field__label visually-hidden\">Fichier<\/strong><span class=\"file file--mime-application-msword file--x-office-document\"><a href=\"https:\/\/www.insa-rouen.fr\/sites\/default\/files\/2019-01\/ficheproposition_picinsa_0.doc\">ficheproposition_picinsa.doc<\/a><\/span>\u00a0(57 Ko)<\/div>\n<\/div>\n<\/div>\n<ul>\n<li>Septembre &#8211; novembre n-1 : pr\u00e9sentation des sujets aux \u00e9l\u00e8ves-ing\u00e9nieurs, effectu\u00e9e par les entreprises<\/li>\n<li>Courant Novembre n-1 : choix des projets PIC par les \u00e9l\u00e8ves-ing\u00e9nieurs<\/li>\n<li>Courant Novembre n-1 : r\u00e9daction du contrat entre l&rsquo;INSA de Rouen et l&rsquo;entreprise<\/li>\n<li>Janvier n : d\u00e9marrage effectif des PIC<\/li>\n<li>D\u00e9cembre n : fin des PIC<\/li>\n<\/ul>\n<h4>Quelques exemples de PIC<\/h4>\n<ul>\n<li>Pr\u00e9vision hebdomadaire de la consommation \u00e9lectrique fran\u00e7aise [ENEDIS]\n<ul>\n<li>Mots-cl\u00e9s : Machine learning, time series prediction<\/li>\n<\/ul>\n<\/li>\n<\/ul>\n<ul>\n<li>Cr\u00e9ation d&rsquo;un r\u00e9seau social decentralis\u00e9 [Reskif]\n<ul>\n<li>Mots-cl\u00e9s : local-first, CRDTS, Progressive Web App, syst\u00e8mes distribu\u00e9s<\/li>\n<\/ul>\n<\/li>\n<li>D\u00e9veloppement d&rsquo;un Assistant intelligent pour RSSI [AEGIS]\n<ul>\n<li>Mots-cl\u00e9s : Large Language Model (LLM), Retrieval Augmented Generation (RAG)<\/li>\n<\/ul>\n<\/li>\n<\/ul>\n<h4>FAQ :<\/h4>\n<p><em>Question : Je dirige une (tr\u00e8s) petite entreprise (5 personnes) , puis-je proposer un PIC ?<\/em><\/p>\n<p>R\u00e9ponse : OUI. Les PIC sont souvent utilis\u00e9s par les (tr\u00e8s) petites entreprises dans le cadre d&rsquo;une \u00e9tude prospective afin de tester par exemple une nouvelle technologie ou dans le cadre d&rsquo;un transfert de technologie. Il faut n\u00e9anmoins pr\u00e9voir qu&rsquo;un PIC pour \u00eatre b\u00e9n\u00e9fique aussi bien \u00e0 l&rsquo;entreprise qu&rsquo;aux \u00e9l\u00e8ves ing\u00e9nieurs\u00b7es, doit \u00eatre suivi en termes d&rsquo;avancement, de choix de fonctionnalit\u00e9s, &#8230;<\/p>\n<p><em>Question : Je souhaite un produit issu du PIC que je peux vendre directement, le PIC est-il une bonne approche ?<\/em><\/p>\n<p>R\u00e9ponse : NON. Les PIC n&rsquo;ont pas pour vocation \u00e0 se substituer \u00e0 une soci\u00e9t\u00e9 de service en informatique. Notre objectif est de permettre aux \u00e9l\u00e8ves ing\u00e9nieurs\u00b7es d&rsquo;appr\u00e9hender le monde du travail au travers d&rsquo;une vraie probl\u00e9matique d&rsquo;entreprise et de sa r\u00e9alisation. Nous avons donc un engagement de moyen et non un engagement de r\u00e9sultat.<\/p>\n<p><em>Question : Je repr\u00e9sente une entreprise qui est bas\u00e9e hors de la Haute-Normandie, puis-je proposer un PIC ?<\/em><\/p>\n<p>R\u00e9ponse : OUI. Les salles PIC sont \u00e9quip\u00e9es avec du mat\u00e9riel de visio conf\u00e9rence, nos \u00e9l\u00e8ves ing\u00e9nieurs\u00b7es peuvent prendre en charge des projets avec des partenaires \u00e9loign\u00e9s.<\/p>\n<p><em>Question : L&rsquo;\u00e9quipe p\u00e9dagogique intervient-elle dans la phase de choix par les \u00e9l\u00e8ves ing\u00e9nieurs\u00b7es ?<\/em><\/p>\n<p>R\u00e9ponse : NON. Les \u00e9l\u00e8ves ing\u00e9nieurs\u00b7es disposent d&rsquo;un ensemble de r\u00e8gles qu&rsquo;ils doivent respecter (comme par exemple la r\u00e9partition des candidats \u00e0 un cursus \u00e0 l&rsquo;\u00e9tranger lors du premier et du deuxi\u00e8me semestre de PIC, &#8230;). Les \u00e9l\u00e8ves ing\u00e9nieurs\u00b7es disposent du document de pr\u00e9sentation du sujet (partie Pr\u00e9sentation du sujet du document de proposition) et de la pr\u00e9sentation orale faite par l&rsquo;entreprise au cours de laquelle ils peuvent poser l&rsquo;ensemble des questions qu&rsquo;ils jugent pertinentes pour prendre une d\u00e9cision. Les d\u00e9l\u00e9gu\u00e9s de promotion doivent transmettre \u00e0 l&rsquo;\u00e9quipe p\u00e9dagogique la liste des projets retenus, la r\u00e9partition des \u00e9l\u00e8ves ing\u00e9nieurs\u00b7es dans les \u00e9quipes et les r\u00f4les principaux : Chef PIC, Responsable Qualit\u00e9 pour les premier et deuxi\u00e8me semestre.<\/p>\n<p>&nbsp;<\/p>\n","protected":false},"excerpt":{"rendered":"<p>Projets INSA Certifi\u00e9s (PIC) pour les entreprises La p\u00e9dagogie participative \u00e0 valeur ajout\u00e9e Les \u00e9l\u00e8ves ing\u00e9nieurs\u00b7es du d\u00e9partement ITI doivent passer une ann\u00e9e scolaire \u00e0 mi-temps entre la quatri\u00e8me et la cinqui\u00e8me ann\u00e9e, par groupe de 6 \u00e0 9 personnes, &hellip; <a href=\"https:\/\/pagesperso.litislab.fr\/cchatelain\/pic\/\">Continuer la lecture <span class=\"meta-nav\">&rarr;<\/span><\/a><\/p>\n","protected":false},"author":7,"featured_media":0,"parent":0,"menu_order":6,"comment_status":"closed","ping_status":"closed","template":"","meta":{"_acf_changed":false,"_exactmetrics_skip_tracking":false,"_exactmetrics_sitenote_active":false,"_exactmetrics_sitenote_note":"","_exactmetrics_sitenote_category":0,"footnotes":""},"class_list":["post-663","page","type-page","status-publish","hentry"],"acf":[],"_links":{"self":[{"href":"https:\/\/pagesperso.litislab.fr\/cchatelain\/wp-json\/wp\/v2\/pages\/663","targetHints":{"allow":["GET"]}}],"collection":[{"href":"https:\/\/pagesperso.litislab.fr\/cchatelain\/wp-json\/wp\/v2\/pages"}],"about":[{"href":"https:\/\/pagesperso.litislab.fr\/cchatelain\/wp-json\/wp\/v2\/types\/page"}],"author":[{"embeddable":true,"href":"https:\/\/pagesperso.litislab.fr\/cchatelain\/wp-json\/wp\/v2\/users\/7"}],"replies":[{"embeddable":true,"href":"https:\/\/pagesperso.litislab.fr\/cchatelain\/wp-json\/wp\/v2\/comments?post=663"}],"version-history":[{"count":3,"href":"https:\/\/pagesperso.litislab.fr\/cchatelain\/wp-json\/wp\/v2\/pages\/663\/revisions"}],"predecessor-version":[{"id":676,"href":"https:\/\/pagesperso.litislab.fr\/cchatelain\/wp-json\/wp\/v2\/pages\/663\/revisions\/676"}],"wp:attachment":[{"href":"https:\/\/pagesperso.litislab.fr\/cchatelain\/wp-json\/wp\/v2\/media?parent=663"}],"curies":[{"name":"wp","href":"https:\/\/api.w.org\/{rel}","templated":true}]}}