{"id":26,"date":"2016-09-20T20:34:13","date_gmt":"2016-09-20T19:34:13","guid":{"rendered":"http:\/\/pagesperso.litislab.fr\/sainouz\/?page_id=26"},"modified":"2023-06-06T10:57:38","modified_gmt":"2023-06-06T09:57:38","slug":"phd-students","status":"publish","type":"page","link":"https:\/\/pagesperso.litislab.fr\/sainouz\/phd-students\/","title":{"rendered":"PhD students"},"content":{"rendered":"<ul>\n<li>Imane Argui\u00a0 (2021-..):\u00a0 R\u00e9alit\u00e9 mixte pour la robotique autonome<\/li>\n<li>Corentin Bunel\u00a0 (2022-..)\u00a0 : Unknown objects detectionfor autonomous driving<\/li>\n<li>Lucas Deregnaucourt\u00a0 (2022-..) :\u00a0 Fusion adaptative pour l&rsquo;analyse de sc\u00e8ne routi\u00e8re en condition m\u00e9t\u00e9o d\u00e9grad\u00e9e<\/li>\n<li>Fabian Debourvieux\u00a0 ( 2019-2022) :\u00a0 Re-Identification and Cross domain adaptability<\/li>\n<li>Rachel Blin (2018-2021) : Analyse de sc\u00e8nes routi\u00e8res par imagerie polarim\u00e9trique en conditions d\u00e9grad\u00e9es<\/li>\n<li>Guillaume Lorr\u00e9 (2018-2021) : Apprentissage non-supervis\u00e9 de repr\u00e9sentation pour l&rsquo;analyse de s\u00e9quences vid\u00e9o<\/li>\n<li>Atif Anwer (2018-2022) : Suppression des r\u00e9flexions sp\u00e9culaires sur des vid\u00e9os de sc\u00e8nes routi\u00e8res par s\u00e9paration de sources<\/li>\n<li>Jing Zhang (2018-2021) : Apprentissage faiblement supervis\u00e9 pour la segmentation d&rsquo;images m\u00e9dicales<\/li>\n<li>Fabien Bonardi (2013-2017) : Vision multimodale visible\/infrarouge pour la navigation autonome<\/li>\n<li>Fan Wang (2012-2016): How polarimetry may contribute to road scenes understanding <a href=\"http:\/\/pagesperso.litislab.fr\/sainouz\/wp-content\/uploads\/sites\/12\/2016\/09\/these_Fan_Wang.pdf\">link <\/a><\/li>\n<li>Alina Miron (2010-2014): Multi-modal, Multi-domain Pedestrian Detection and Classification: Proposals and Explorations in Visible over StereoVision, FIR and SWIR <a href=\"http:\/\/pagesperso.litislab.fr\/sainouz\/wp-content\/uploads\/sites\/12\/2016\/09\/ManuscrisAlinaMiron-Finalv2.pdf\">link\u00a0<\/a><\/li>\n<\/ul>\n<p>&nbsp;<\/p>\n","protected":false},"excerpt":{"rendered":"<p>Imane Argui\u00a0 (2021-..):\u00a0 R\u00e9alit\u00e9 mixte pour la robotique autonome Corentin Bunel\u00a0 (2022-..)\u00a0 : Unknown objects detectionfor autonomous driving Lucas Deregnaucourt\u00a0 (2022-..) :\u00a0 Fusion adaptative pour l&rsquo;analyse de sc\u00e8ne routi\u00e8re en condition m\u00e9t\u00e9o d\u00e9grad\u00e9e Fabian Debourvieux\u00a0 ( 2019-2022) :\u00a0 Re-Identification and &hellip;<\/p>\n<p class=\"read-more\"> <a class=\"more-link\" href=\"https:\/\/pagesperso.litislab.fr\/sainouz\/phd-students\/\"> <span class=\"screen-reader-text\">PhD students<\/span> Read More &raquo;<\/a><\/p>\n","protected":false},"author":12,"featured_media":0,"parent":0,"menu_order":0,"comment_status":"closed","ping_status":"closed","template":"","meta":{"_acf_changed":false,"_exactmetrics_skip_tracking":false,"_exactmetrics_sitenote_active":false,"_exactmetrics_sitenote_note":"","_exactmetrics_sitenote_category":0,"footnotes":""},"class_list":["post-26","page","type-page","status-publish","hentry"],"acf":[],"_links":{"self":[{"href":"https:\/\/pagesperso.litislab.fr\/sainouz\/wp-json\/wp\/v2\/pages\/26","targetHints":{"allow":["GET"]}}],"collection":[{"href":"https:\/\/pagesperso.litislab.fr\/sainouz\/wp-json\/wp\/v2\/pages"}],"about":[{"href":"https:\/\/pagesperso.litislab.fr\/sainouz\/wp-json\/wp\/v2\/types\/page"}],"author":[{"embeddable":true,"href":"https:\/\/pagesperso.litislab.fr\/sainouz\/wp-json\/wp\/v2\/users\/12"}],"replies":[{"embeddable":true,"href":"https:\/\/pagesperso.litislab.fr\/sainouz\/wp-json\/wp\/v2\/comments?post=26"}],"version-history":[{"count":18,"href":"https:\/\/pagesperso.litislab.fr\/sainouz\/wp-json\/wp\/v2\/pages\/26\/revisions"}],"predecessor-version":[{"id":191,"href":"https:\/\/pagesperso.litislab.fr\/sainouz\/wp-json\/wp\/v2\/pages\/26\/revisions\/191"}],"wp:attachment":[{"href":"https:\/\/pagesperso.litislab.fr\/sainouz\/wp-json\/wp\/v2\/media?parent=26"}],"curies":[{"name":"wp","href":"https:\/\/api.w.org\/{rel}","templated":true}]}}