{"id":7,"date":"2015-11-05T15:47:57","date_gmt":"2015-11-05T14:47:57","guid":{"rendered":"http:\/\/pagesperso.litislab.fr\/sainouz\/?page_id=7"},"modified":"2023-06-06T10:39:12","modified_gmt":"2023-06-06T09:39:12","slug":"publications","status":"publish","type":"page","link":"https:\/\/pagesperso.litislab.fr\/sainouz\/publications\/","title":{"rendered":"Publications"},"content":{"rendered":"<p><a href=\"https:\/\/dblp.org\/pid\/43\/3491.html\">https:\/\/dblp.org\/pid\/43\/3491.html<\/a><\/p>\n<p>&nbsp;<\/p>\n<p><strong>Th\u00e8se<\/strong><\/p>\n<p>Analyse et traitement d&rsquo;images multidimensionnelles de polarisation, Universit\u00e9 Louis Pasteur, Strasbourg 2006<\/p>\n<p><a href=\"http:\/\/pagesperso.litislab.fr\/sainouz\/wp-content\/uploads\/sites\/12\/2015\/11\/Memoire_these.pdf\"><img loading=\"lazy\" decoding=\"async\" class=\"alignnone wp-image-14\" src=\"http:\/\/pagesperso.litislab.fr\/sainouz\/wp-content\/uploads\/sites\/12\/2015\/11\/pdf-150x150.png\" alt=\"pdf\" width=\"75\" height=\"75\" srcset=\"https:\/\/pagesperso.litislab.fr\/sainouz\/wp-content\/uploads\/sites\/12\/2015\/11\/pdf-150x150.png 150w, https:\/\/pagesperso.litislab.fr\/sainouz\/wp-content\/uploads\/sites\/12\/2015\/11\/pdf.png 256w\" sizes=\"auto, (max-width: 75px) 100vw, 75px\" \/><\/a><\/p>\n<p><a href=\"http:\/\/pagesperso.litislab.fr\/sainouz\/wp-content\/uploads\/sites\/12\/2015\/11\/Memoire_these.pdf\">M\u00e9moire de th\u00e8se en pdf<\/a><\/p>\n<p>&nbsp;<\/p>\n","protected":false},"excerpt":{"rendered":"<p>https:\/\/dblp.org\/pid\/43\/3491.html &nbsp; Th\u00e8se Analyse et traitement d&rsquo;images multidimensionnelles de polarisation, Universit\u00e9 Louis Pasteur, Strasbourg 2006 M\u00e9moire de th\u00e8se en pdf &nbsp;<\/p>\n","protected":false},"author":1,"featured_media":0,"parent":0,"menu_order":10,"comment_status":"closed","ping_status":"closed","template":"","meta":{"_acf_changed":false,"_exactmetrics_skip_tracking":false,"_exactmetrics_sitenote_active":false,"_exactmetrics_sitenote_note":"","_exactmetrics_sitenote_category":0,"footnotes":""},"class_list":["post-7","page","type-page","status-publish","hentry"],"acf":[],"_links":{"self":[{"href":"https:\/\/pagesperso.litislab.fr\/sainouz\/wp-json\/wp\/v2\/pages\/7","targetHints":{"allow":["GET"]}}],"collection":[{"href":"https:\/\/pagesperso.litislab.fr\/sainouz\/wp-json\/wp\/v2\/pages"}],"about":[{"href":"https:\/\/pagesperso.litislab.fr\/sainouz\/wp-json\/wp\/v2\/types\/page"}],"author":[{"embeddable":true,"href":"https:\/\/pagesperso.litislab.fr\/sainouz\/wp-json\/wp\/v2\/users\/1"}],"replies":[{"embeddable":true,"href":"https:\/\/pagesperso.litislab.fr\/sainouz\/wp-json\/wp\/v2\/comments?post=7"}],"version-history":[{"count":40,"href":"https:\/\/pagesperso.litislab.fr\/sainouz\/wp-json\/wp\/v2\/pages\/7\/revisions"}],"predecessor-version":[{"id":188,"href":"https:\/\/pagesperso.litislab.fr\/sainouz\/wp-json\/wp\/v2\/pages\/7\/revisions\/188"}],"wp:attachment":[{"href":"https:\/\/pagesperso.litislab.fr\/sainouz\/wp-json\/wp\/v2\/media?parent=7"}],"curies":[{"name":"wp","href":"https:\/\/api.w.org\/{rel}","templated":true}]}}